 n(-40). Let z(t) = -t**2 - 8*t + 9. Give z(o).
9
Let i(l) = 20*l - 32*l + 15*l. Let r = -20 - -18. Determine i(r).
-6
Let t(m) = -m**2 + 2*m + 3. Let d be t(4). Let i(k) be the third derivative of -k**5/60 - 5*k**4/24 - k**3/6 - 49*k**2. Calculate i(d).
-1
Suppose -x - 20 = -22. Let k(l) = -4*l - x + l**3 - 62*l**2 + 65*l**2 + 2. What is k(-3)?
12
Let c be 0/(4/2) + 14. Let x be (-110)/70 - (-8)/c. Let o(h) = h + 1. Calculate o(x).
0
Suppose -95 = 5*x - 35. Let v be (0 - 1)*(4 + x). Let o(q) = 14*q - 10*q + v - 2. What is o(-5)?
-14
Let z(h) be the second derivative of 1/120*h**6 + 0*h**4 + 0*h**5 + 0*h**2 + 0 - 2/3*h**3 + 11*h. Let c(f) be the second derivative of z(f). What is c(-1)?
3
Let d(z) be the third derivative of z**6/120 + z**5/30 - z**4/12 - z**3/3 - 2*z**2. Let i be (-8)/28 - 69/(-21) - 5. Determine d(i).
2
Let y be ((-2)/4)/((-8)/64). Suppose 3*q + 13 = y. Let p(g) = 4*g - 1. Determine p(q).
-13
Let q(t) = 5 - 20 - 7*t**2 - 8*t + 6 + 6*t**2. Determine q(-4).
7
Let g(l) = 11*l - 44. Let s be g(5). Let x(m) = m**3 - 11*m**2 - m + 6. Determine x(s).
-5
Let j(t) be the first derivative of 15*t**2 + t - 13. Let v(k) = k**3 + 5*k**2 - 15*k - 6. Let y be v(-7). Give j(y).
31
Let w(d) = d**3 - 5*d**2 + 6*d - 2. Suppose 3*f + 84 = 5*f. Suppose -20 = -f*z + 37*z. Give w(z).
6
Let x be (15/9 + (-48)/18)*4. Let a(i) = -i + 2. Calculate a(x).
6
Let c(x) = x**3 - 4*x**2 - 5*x - 3. Let j be (-4)/(-5) + 252/60. Calculate c(j).
-3
Let m(f) = -3 + 1 - 5 - 3*f + 6*f + 2. Determine m(5).
10
Let y(h) be the third derivative of -h**6/120 + 7*h**5/60 - 7*h**4/24 - h**3/6 + 5*h**2. Let j be (180/(-8))/(-9)*-60. Let i be j/20*8/(-10). Calculate y(i).
-7
Let j = -3 - -8. Let i(z) be the first derivative of -z**4/4 + 2*z**3 - 3*z**2 - 5*z - 1644. Determine i(j).
-10
Let u(g) = g**2 + 3*g - 21. Let z be u(-7). Let m(k) be the first derivative of k**3/3 - 4*k**2 + 9*k - 2. Give m(z).
2
Let r(a) = 2*a**2. Let k = 2 - -3. Suppose 8 = -i + k*i. Let v = i + -4. Calculate r(v).
8
Let z(k) be the second derivative of 3*k**3/2 + 3*k**2/2 - 64*k - 1. What is z(-2)?
-15
Let p(u) = -u**3 - u**2 + u - 6. Let l(k) = 3 + k**2 + 0 - 7 + 0. Let s be l(2). What is p(s)?
-6
Let f(r) = r + 1. Let j(g) = -3*g - 11. Let u(d) = -2*f(d) - j(d). Let i be u(-9). Suppose 0 = -i*y + 4*y + 16. Let z(a) = -a + 3. Determine z(y).
7
Let l(a) = a - 4. Let z = -49 - -55. Calculate l(z).
2
Let j(y) = -7*y**3 + 2*y**2 - 5*y + 3. Let m be j(1). Let r(x) = -x**3 - 6*x**2 + 5*x - 15. Calculate r(m).
-1
Suppose z + 0 = -4*m + 1, 5*z + 15 = 0. Let a = -4 + m. Let h(y) be the first derivative of -y**2/2 - 2*y + 44. Determine h(a).
1
Let y(q) = -2*q - 1. Let b be (-10 - 0)/(-16 - -14). Suppose 2*p - 2*c + 4*c = 2, -b*c = -4*p + 22. Suppose p + 3 = -3*w. Give y(w).
3
Suppose -4*n + 3*d = 4*d - 51, 69 = 5*n - 4*d. Let h(u) = 4*u**3 - u. Let k be h(1). Let s(q) = -q + 3 - q - n + k*q. Give s(0).
-10
Suppose 4*b - 10 = -3*x, x - 5*b = -2*x + 1. Suppose x*l + i = 2*i - 9, -i = 3. Let v(u) = u**2 + 5*u - 2. Give v(l).
4
Let q(x) = x - 4. Let j = 20 + -3. Let l = j - 11. Suppose 4*u = -5*y + 16, 3*u = l*y - 5*y + 12. What is q(u)?
0
Let g(o) be the third derivative of 3*o**8/2240 - 15*o**4/8 - 35*o**2. Let l(y) be the second derivative of g(y). What is l(-1)?
-9
Suppose i + 2*i = 21. Let r(z) = 2*z - 2. Let a(s) = s - 1. Let v(l) = 5*a(l) - 4*r(l). Determine v(i).
-18
Let a(c) = -7*c**2 + 3*c**2 + c + 2*c**2 + 147 - 146. Determine a(2).
-5
Let h(c) = -10*c - 14. Let g(i) = 7*i + 10. Let v(r) = 7*g(r) + 5*h(r). Give v(-5).
5
Let m(a) = a**3 - 2*a + a + a**2 - 6*a**2. Let i be m(6). Let d be -4*(i/8)/5. Let j(f) = -f**2 - 3*f + 1. What is j(d)?
1
Let g(t) = t**3 - 7*t**2 + 4*t + 8. Let c(h) = 14*h + 0 + 3 - 2 - 13*h. Let r be c(3). Suppose 0 = -f + 6*f - 3*j - 18, 20 = r*f - j. What is g(f)?
-4
Let l(o) = 3*o - 48. Let u be l(14). Let b(s) = s - 9. Give b(u).
-15
Suppose -33 = 9*v + 2*v. Let k(o) = -o - 4. Let s(i) = -i - 5. Let c(j) = v*k(j) + 4*s(j). Let y be 0*(-3 + 1)/4. Calculate c(y).
-8
Let p(d) = 2*d - 10. Let x = -11 - -16. What is p(x)?
0
Let g(j) = -j**3 - j**2 - 12. Let r be g(0). Let c = 3 + r. Let p be 6/(-2)*(-12)/c. Let x(z) = 2*z**2 + 4*z - 1. What is x(p)?
15
Let n be (1 + -1)/(-4 + 2). Let u be 2/6*(n + 3). Let v(w) = u + 2 - w + 2. Calculate v(0).
5
Let k be 2/12 - (-804)/(-72). Let l(v) = v**3 + 11*v**2 - 5. Determine l(k).
-5
Let i(z) = 6*z - 5. Suppose 7*v + 21 = 14*v. Suppose 0*d = v*d + 12. Calculate i(d).
-29
Let o(i) = 28 - 37 - 2*i**2 + 2*i**2 + i**2 - 8*i. Let u(t) = 2*t**2 - 16*t - 19. Let n(a) = 5*o(a) - 2*u(a). Determine n(8).
-7
Let g(z) = -z**3 + 9*z**2 + 11*z - 8. Let m be g(10). Let a(c) = -6 + c + 0 - m*c + 3*c**2 - c**3 - 8*c**2. Determine a(-5).
-1
Let i(o) = -3*o. Suppose 2 = 2*j - 2. Suppose 0 = -j*v + 8, -2*q - 4*v + 14 = -0*v. Determine i(q).
3
Let l(p) be the first derivative of -1/4*p**4 - 3*p + 4 + 2*p**2 - 1/3*p**3. Let b be (-3)/((-20)/16 + (-5)/20). What is l(b)?
-7
Let h be ((-54)/108)/((-33)/30 + 1). Let r(f) = f**2 - 2*f - 10. Give r(h).
5
Let l(i) = -i**2 + 8*i - 7. Let f be l(2). Let n(s) = s**2 - 4*s - 6. What is n(f)?
-1
Let d(l) = l**3 + 6*l**2 + 2*l + 6. Let i = 51 + -57. Calculate d(i).
-6
Let j = -305 - -320. Let k(w) = 3*w - 41. What is k(j)?
4
Suppose 4*u - 7*u + 6 = 0. Let k(y) = u*y - y - 1 - 2. Suppose 5*j + 1 = 3*a - 0*j, -3*a - 3*j - 15 = 0. Give k(a).
-6
Suppose -11 = 5*f - 51. Let i(p) = f*p + 6*p + p**2 - 20*p. Give i(6).
0
Let q(o) be the third derivative of o**4/24 + o**3/3 + 14*o**2. Let l(f) = f**2 - 10*f + 3. Let p = 9 - -1. Let x be l(p). Determine q(x).
5
Let c(v) = v - 1. Let r(q) = -q**3 + 8*q**2 - 7*q + 7. Let a(u) = -3*c(u) + r(u). Determine a(7).
-11
Let t(s) = -2*s**2 + 3. Let c = -58 + 60. Let i be t(c). Let k(l) = -l**2 - 2*l + 2. Determine k(i).
-13
Let l be (2 + 14/(-5))/(2/25). Let v(s) = -4*s**2 - 11*s + 12. Let p(h) = -5*h**2 - 12*h + 12. Let j(r) = 3*p(r) - 4*v(r). What is j(l)?
8
Let i(v) be the third derivative of v**5/60 + v**4/6 + v**3/3 - 2*v**2 - 4*v. Determine i(-3).
-1
Let h(z) = -z**3 - 466 + 265 + z + 227. Determine h(0).
26
Let s(g) = 3*g**2 - g - 1. Let j(h) = 7*h - 1. Let w be j(2). Suppose 4*x - 6*f + 60 = -4*f, -6 = -3*f. Let b = x + w. Determine s(b).
3
Let c(k) = -k**2 - 8*k - 3. Suppose -6 = 9*f - 11*f. Let n be 0 + ((3 - f)/1 - 7). What is c(n)?
4
Let k(v) = -v**2 + 15*v - 19. Suppose -21*x + 207 = -87. Give k(x).
-5
Suppose 4*r - 6 = -3*w, 0*r + 4*r - 5*w = -10. Let m(j) be the first derivative of j**4/4 - j**3/3 - j**2/2 + 9*j - 570. What is m(r)?
9
Let t(q) = -2*q + 5. Let d(l) = -5*l + 6. Let f(z) = 3*d(z) - 4*t(z). What is f(-3)?
19
Let q(t) = -t + 5. Let a be q(9). Let v = a + 9. Let x(c) = -2 - v + 9 - 7*c - 1. What is x(1)?
-6
Let s(l) be the second derivative of l**3/6 + 4*l**2 - 21*l. Determine s(-6).
2
Suppose b = h - 15, 4*h - 4*b = -2*b + 62. Let o(c) = -2*c**2 + 33*c + 10. Determine o(h).
26
Suppose -4*g = -4, -1 - 2 = -2*h - 5*g. Let t(y) be the first derivative of 5*y**4 + y**2/2 + y + 23. Give t(h).
-20
Suppose -10 = -2*p + 4. Let m(d) = d**3 - 7*d**2 + 9*d - 9. Let r be m(6). Suppose 12 + r = -p*o. Let b(k) = -k**3 - k**2 + k - 4. What is b(o)?
11
Suppose -2*t - 15*r = -10*r + 9, 2*t - 3 = -r. Let d(s) be the first derivative of s**4/4 - s**3/3 - 2*s**2 - 1. Calculate d(t).
6
Let b(k) = 41*k**2 - 23*k**2 + 2*k - 20*k**2 - 3 - 5*k. What is b(3)?
-30
Let l(o) be the first derivative of -o**4/4 + 2*o**3 + 6*o - 4. Let v = -3 - -9. Determine l(v).
6
Let n(k) = -k**3 - 4*k**2 + 5*k + 2. Let d(r) be the third derivative of -r**5/60 + 5*r**4/24 + 3*r**3/2 - 3*r**2. Let g be d(7). What is n(g)?
2
Let c(m) = -m**2 - 4*m - 1. Let y be c(-2). Suppose 0*l - 30 = -6*l. Let g(d) = l*d + 0*d**y + 6*d**2 + d**3 + 0*d**2 + 5. What is g(-5)?
5
Suppose 0 = 2*k + k. Let p(t) = -2*t**2 - 6. Let w(g) = g**2 - g. Let v(i) = p(i) + w(i). Calculate v(k).
-6
Suppose -3*n + n - d = -11, -2*n = 2*d - 14. Let c(h) = -1 + 7 + 0 + n*h - 5. Determine c(4).
17
Let x(c) = -13*c**3 - 8*c + 19 + 12*c**3 + 14*c**2 - 6*c - 2. Determine x(13).
4
Let t(o) = 2*o**3 + 40*o**2 + 3*o + 61. Let l be t(-20). Let y(d) = -2*d + 2. Let r be y(4). Let a be (l - (-1 - -2)) + r. Let n(b) = 2*b + 3. What is n(a)?
-9
Suppose 9*q